he units digit of z?
1
Let b(g) = 2*g + 3. Let u(z) = -z**3 + 2*z**2 + 3*z. Let i be u(3). Let w be b(i). Suppose -132 = -5*c + 3*n, -2*n - 9 = w*c - 73. What is the tens digit of c?
2
Suppose -11 = -m - 8. Let u(j) = -14*j**2 + 2*j + 13*j**2 + 2*j - 2. What is the units digit of u(m)?
1
Let c = 565 + -426. What is the tens digit of c?
3
Suppose 4*d = o + 3*o - 24, 0 = -5*o + 2*d + 21. Suppose o*q + 12 = -q. Let g(p) = 2*p**2 + p - 4. What is the tens digit of g(q)?
1
Suppose k + 139 = 2*q, -6*k + k = -q + 47. Let v = 121 - q. What is the tens digit of v?
4
Let m = 41 - -6. Suppose -15 + m = 2*j. Let c = j - -7. What is the units digit of c?
3
Let a = -4 + 6. Suppose -3*j + a*x + 122 - 33 = 0, -4*j + 2*x = -116. Suppose -2*m + 1 = -j. What is the units digit of m?
4
Suppose 0 = -4*j + 4, 3*j - 1494 + 487 = -4*g. Suppose q = 4*y + y + 145, 2*q + 3*y = g. What is the tens digit of q?
3
Let b = -568 - -2171. What is the thousands digit of b?
1
Let w(x) = 156*x**2 - 14*x + 24. What is the units digit of w(2)?
0
Suppose 0 = -3*f + 1132 - 85. What is the hundreds digit of f?
3
What is the hundreds digit of -3*(-6)/(-72)*-2756?
6
Suppose 10*s - 8*s = 6. Suppose -9*o = -s*o - 744. What is the units digit of o?
4
Suppose -5*p + 497 = 7*x - 5*x, -5*p = -4*x + 919. Let s = -156 + x. What is the tens digit of s?
8
Suppose p - 2 = 2*p. Let q = 12 + p. Let v = 17 + q. What is the tens digit of v?
2
Let h(y) = -4*y**3 + 19*y**2 + 5*y + 17. Let c be h(5). Let j = 0 - 0. Suppose q - 5 - c = j. What is the tens digit of q?
2
Let b = 2103 + -1113. What is the tens digit of b?
9
What is the units digit of 5/(90/33003) - (-4)/8?
4
Let x = -1249 - -838. What is the tens digit of 5/(30/x)*2*-1?
3
Let i = 661 - 565. What is the units digit of i?
6
Let v = 37 + -42. What is the hundreds digit of (1 + 0)/(v/(-535))?
1
Suppose 49972 - 4641 = 11*n. What is the hundreds digit of n?
1
Let w be (160/(-50))/(1/(-5)). Let s be (-10)/2*w/(-20). Suppose 3*l - 5*c = 155, s*l + 0*c - 212 = 4*c. What is the units digit of l?
5
Let p(z) = 4*z**2 + z - 1. Let o be p(-2). Suppose -4*s - 95 = -j + o, 4*s - 352 = -4*j. Suppose -u - j = -5*u. What is the tens digit of u?
2
Let p = 89 + -40. Let l = p + 23. What is the tens digit of l?
7
Let i(n) = 3*n**2 - 6*n - 5. Let a be i(6). Let p = a - -129. What is the hundreds digit of p?
1
Let j be (8/6)/(4/(-114)). What is the units digit of 425/7 + j/(-133)?
1
Suppose -5*n + 22 = -18. Let s be 3 + n/(-4) + 3. Suppose 37 = s*h - 19. What is the tens digit of h?
1
Let n = 109 + -73. Let p(f) = -286*f**3 - 3*f - 3. Let v be p(-1). Suppose -v = -5*g - n. What is the units digit of g?
0
Suppose -11*h + 7*h - 1988 = -4*d, 5*h = 4*d - 1991. What is the units digit of d?
4
Suppose -4*h - 828 = -22*h. What is the tens digit of h?
4
Let w(h) = h**2 - 6*h - 23. Let q be w(-7). Let f be 24 + 1 - (-12)/6. Suppose -f*r = -29*r + q. What is the tens digit of r?
3
Suppose 3*b + 5*d = -0*d + 69, 2*d = 6. What is the units digit of 4/(-2)*b/(-36)?
1
Let q(y) = -6*y + y**2 + 6 - 4*y**2 - 4*y**2 + 1 + y**3. What is the units digit of q(8)?
3
Suppose -176 = 4*b + 4*w, b + 0*w + 4*w + 53 = 0. Let j = b - -64. Let y = 36 - j. What is the units digit of y?
3
Let n(g) = 2*g**2 - 8*g - 46. What is the thousands digit of n(-21)?
1
Suppose 0 = -4*a - 2*b + 12, 0 = -b - 2. Suppose 4 = 6*l - a*l. Suppose z + g - 8 = 0, l*z = 3*g - 0*g + 26. What is the units digit of z?
0
Let r = 1 + -1. Suppose r*i + 3*i - 12 = 0. Suppose a + 27 = i*a. What is the units digit of a?
9
Suppose 5*l = -0*l. Suppose 58 = 2*d + 4*z, 2*d + 3*z - 55 = -l*d. What is the tens digit of d?
2
Let o = 6 - -19. Suppose 5*g = -3*j + o, -24 = -2*j - g - 5. What is the tens digit of -26*3/(-12)*j?
6
Let a(x) = -2*x + 10. Let y be a(7). Let h(k) = k**2 + 7*k - 23. Let r be h(-10). Let u = y + r. What is the units digit of u?
3
Let d(c) = 14*c - 32. Let o(z) = -2*z**2 - 12*z + 6. Let k be o(-6). What is the tens digit of d(k)?
5
Let m(v) be the third derivative of 19*v**4/24 + 35*v**3/6 + 25*v**2. What is the units digit of m(11)?
4
Let u = -31 + 27. Let c(x) be the first derivative of -3*x**2 - 6*x + 1. What is the tens digit of c(u)?
1
Let c(s) = -s**3 + 17*s**2 - 15*s - 10. Suppose -2*a + 18 = -14. Let i be c(a). Suppose -10*v + 100 = -i*v. What is the units digit of v?
5
Let x be 40/32 - (-3)/4. Suppose -2*r = x*r + 80. Let l = r - -38. What is the units digit of l?
8
What is the hundreds digit of (2385/25)/(1/5)?
4
Suppose -22*b = -20*b - 8. Suppose 0 = -b*u + 16 - 0. What is the tens digit of (-2)/u*(-136)/2?
3
Let g be 104/2*(-3)/4. Let y = 9 + -27. Let a = y - g. What is the tens digit of a?
2
Let o = 22 - 16. Let c be 5/((-15)/o) + -54. Let y = c + 103. What is the tens digit of y?
4
Let v(i) = -i**3 - 18*i**2 + 18*i - 17. Let r be v(-19). Suppose -r*j + 5*g = j - 668, -5*j - 4*g = -1175. What is the tens digit of j?
3
Let y(b) be the first derivative of -2*b**2 - 7*b + 7. Let o be y(7). Let h = 72 + o. What is the tens digit of h?
3
Suppose c + 8*a - 1040 = 10*a, 2*c = 5*a + 2083. What is the units digit of c?
4
Suppose 4*y - 444 = y. Suppose 0 = 2*g + 14 - y. What is the units digit of g?
7
Suppose -10*m + 12*m - 4 = 0, -3*g + 2*m + 1922 = 0. What is the hundreds digit of g?
6
Let w be (-12)/24*96/1. Let m be 1*(-3 + 1) + 106. Let l = m + w. What is the tens digit of l?
5
Let d = 891 - 143. What is the tens digit of d?
4
Suppose -m = -0*m + 2*q + 4, 2*q + 24 = 4*m. Suppose n = -2*n + m*s + 1022, -5*n + 1686 = 2*s. What is the hundreds digit of n?
3
Let d be (168/(-32))/(9/24). What is the units digit of ((-3)/(-2))/(d/(-756))?
1
Let d(t) = t**2 + t - 1. Let r(i) = -i**3 - 4*i**2 - 5*i - 1. Let q be r(-2). Let o be d(q). What is the units digit of -1 + o + (-295)/(-5)?
9
Suppose -2*d - 18*d + 24000 = 0. What is the hundreds digit of d?
2
Let q(j) = -j**3 + j + 3. Let w(a) = -4*a. Suppose -5*u - 5 = -10. Let r be w(u). What is the tens digit of q(r)?
6
Let o = -149 - -95. Let l = o - -24. Let a = l + 64. What is the units digit of a?
4
Suppose -2*w + 4*h + 35 = 5*h, -5*h = -3*w + 20. Let m = w - 21. Let u(l) = -l**3 - 4*l**2 + 9*l + 5. What is the tens digit of u(m)?
2
Suppose 2*j = 3*j - 3. Let n(z) = -1 + 4 + z**3 + j + 6*z - 6*z**2 + 0*z. What is the tens digit of n(5)?
1
Suppose -4*y + 4*i = -505 - 907, -5*y - i + 1789 = 0. What is the hundreds digit of y?
3
Suppose 9 = 3*i, 4*y - 7*i + 3*i = 1004. Let m = 436 - y. What is the hundreds digit of m?
1
What is the tens digit of (-18)/(-117) + (-44816)/(-52)?
6
Let r(j) = -43*j + 1. Let d be r(2). Let m = d + 119. What is the units digit of m?
4
Suppose 0 = n + 2*k - 2, 21 = 3*n + 2*k + k. Let r(q) = 2*q + 11. What is the tens digit of r(n)?
3
Let a = 4 - -11. Suppose 10*y - 5*y = g + 215, -a = 3*g. What is the tens digit of y?
4
Let h be (121*-2)/(-1) + 3. Suppose -4*z = 2*j - 88, -5*j + 0*j - 5*z = -h. Suppose 2*a + 8 - j = 0. What is the units digit of a?
3
Let f = 40 - 11. Let s = 19 - f. What is the units digit of (-12)/s - 1/5?
1
Let t(n) = 30*n - 99. Let s(d) = 6*d - 19. Let p(x) = 21*s(x) - 4*t(x). Suppose -z + 4*l + 6 = 0, 4*z = 3*l + 16 - 5. What is the units digit of p(z)?
9
Let p(i) = 121*i - 88. What is the thousands digit of p(10)?
1
Suppose -2*p + 2*a + 2 = 0, a - 6 = -3. Let l(x) = 12*x - x**2 - 14 - p - 7*x + 12*x. What is the tens digit of l(13)?
3
Let m(c) = 0*c**2 + 3 - c**2 - 10*c + c. Let v be m(-9). Suppose x = -1 - v, -2*h + 2*x + 20 = 0. What is the units digit of h?
6
Suppose -808 = 6*w - 10*w. Suppose 37 = -5*o + w. What is the tens digit of o?
3
Let v(x) be the third derivative of -x**4/6 - 23*x**3/6 + 5*x**2. What is the units digit of v(-18)?
9
Let h(x) = -x**2 - 20*x - 6. Let y be h(-19). Let z = 44 + y. What is the tens digit of z?
5
Suppose 2*c = -5 + 17. Let z(h) = h**3 - 7*h**2 + 8*h - 9. Let s be z(c). Suppose k - 64 = -s*k. What is the units digit of k?
6
Let w = 941 - -756. What is the thousands digit of w?
1
Suppose 33*x + 4*x = 59718. What is the tens digit of x?
1
Let p = 106 + -110. What is the tens digit of 1/p - (-6783)/28?
4
Let f(n) = -46*n - 8. Let c be ((-6)/5)/(7*(-18)/(-420)). What is the tens digit of f(c)?
7
Let l be (0 + 2)/((-10)/(-15)). Let c be (-332 + (l - 3))*-1. What is the units digit